s the units digit of 9581?
1
What is the tens digit of 3174?
7
What is the units digit of 39203?
3
What is the tens digit of 39708?
0
What is the tens digit of 48879?
7
What is the tens digit of 636?
3
What is the ten thousands digit of 10385?
1
What is the thousands digit of 3006?
3
What is the hundreds digit of 1165?
1
What is the units digit of 3545?
5
What is the units digit of 1412?
2
What is the tens digit of 124647?
4
What is the tens digit of 657?
5
What is the hundreds digit of 88356?
3
What is the ten thousands digit of 19276?
1
What is the hundreds digit of 4411?
4
What is the hundreds digit of 539?
5
What is the hundreds digit of 19946?
9
What is the tens digit of 18835?
3
What is the hundreds digit of 973?
9
What is the thousands digit of 12994?
2
What is the tens digit of 1240?
4
What is the tens digit of 29682?
8
What is the tens digit of 1270?
7
What is the tens digit of 8036?
3
What is the units digit of 1315?
5
What is the hundreds digit of 407?
4
What is the thousands digit of 4486?
4
What is the hundreds digit of 4203?
2
What is the units digit of 8846?
6
What is the tens digit of 1768?
6
What is the thousands digit of 4024?
4
What is the ten thousands digit of 94752?
9
What is the thousands digit of 128431?
8
What is the hundreds digit of 42797?
7
What is the units digit of 37?
7
What is the units digit of 2577?
7
What is the hundred thousands digit of 148996?
1
What is the ten thousands digit of 137509?
3
What is the units digit of 6207?
7
What is the units digit of 3560?
0
What is the tens digit of 733?
3
What is the units digit of 12384?
4
What is the units digit of 43791?
1
What is the ten thousands digit of 84593?
8
What is the units digit of 108327?
7
What is the units digit of 15771?
1
What is the tens digit of 982?
8
What is the hundreds digit of 954?
9
What is the units digit of 3601?
1
What is the tens digit of 40718?
1
What is the thousands digit of 13873?
3
What is the thousands digit of 2424?
2
What is the ten thousands digit of 122271?
2
What is the tens digit of 22395?
9
What is the units digit of 51164?
4
What is the tens digit of 582?
8
What is the tens digit of 539?
3
What is the hundreds digit of 476?
4
What is the units digit of 1038?
8
What is the tens digit of 4734?
3
What is the units digit of 15092?
2
What is the hundreds digit of 8914?
9
What is the units digit of 9165?
5
What is the hundreds digit of 13065?
0
What is the tens digit of 24885?
8
What is the thousands digit of 12558?
2
What is the thousands digit of 1528?
1
What is the units digit of 41?
1
What is the hundreds digit of 12591?
5
What is the hundreds digit of 39025?
0
What is the hundreds digit of 11107?
1
What is the thousands digit of 5289?
5
What is the units digit of 9673?
3
What is the hundreds digit of 15412?
4
What is the units digit of 481?
1
What is the thousands digit of 1961?
1
What is the units digit of 5403?
3
What is the tens digit of 1838?
3
What is the tens digit of 869?
6
What is the thousands digit of 70764?
0
What is the thousands digit of 29175?
9
What is the ten thousands digit of 46288?
4
What is the units digit of 3446?
6
What is the tens digit of 16148?
4
What is the tens digit of 4197?
9
What is the hundreds digit of 5459?
4
What is the units digit of 655?
5
What is the thousands digit of 6340?
6
What is the ten thousands digit of 14778?
1
What is the tens digit of 1323?
2
What is the tens digit of 4397?
9
What is the hundreds digit of 14518?
5
What is the units digit of 1013?
3
What is the ten thousands digit of 10709?
1
What is the hundreds digit of 2013?
0
What is the hundreds digit of 8003?
0
What is the hundreds digit of 1093?
0
What is the units digit of 28974?
4
What is the tens digit of 675?
7
What is the hundreds digit of 661?
6
What is the tens digit of 28960?
6
What is the tens digit of 816?
1
What is the thousands digit of 92055?
2
What is the thousands digit of 5127?
5
What is the hundreds digit of 14025?
0
What is the tens digit of 9465?
6
What is the hundreds digit of 2886?
8
What is the ten thousands digit of 13762?
1
What is the thousands digit of 37925?
7
What is the units digit of 110605?
5
What is the ten thousands digit of 19326?
1
What is the thousands digit of 9332?
9
What is the tens digit of 832?
3
What is the hundreds digit of 2013?
0
What is the tens digit of 5488?
8
What is the tens digit of 2489?
8
What is the tens digit of 56694?
9
What is the units digit of 756?
6
What is the hundreds digit of 16262?
2
What is the units digit of 6849?
9
What is the hundreds digit of 87486?
4
What is the units digit of 1474?
4
What is the ten thousands digit of 56493?
5
What is the units digit of 10425?
5
What is the units digit of 2439?
9
What is the thousands digit of 66887?
6
What is the ten thousands digit of 12451?
1
What is the thousands digit of 2124?
2
What is the units digit of 4449?
9
What is the thousands digit of 43070?
3
What is the tens digit of 214?
1
What is the units digit of 4258?
8
What is the units digit of 848?
8
What is the hundreds digit of 10232?
2
What is the tens digit of 6189?
8
What is the units digit of 1952?
2
What is the tens digit of 509?
0
What is the units digit of 419?
9
What is the thousands digit of 1048?
1
What is the thousands digit of 2934?
2
What is the hundreds digit of 3774?
7
What is the units digit of 18115?
5
What is the hundreds digit of 49077?
0
What is the tens digit of 4722?
2
What is the ten thousands digit of 26460?
2
What is the ten thousands digit of 57933?
5
What is the tens digit of 856?
5
What is the units digit of 11614?
4
What is the hundreds digit of 4952?
9
What is the hundreds digit of 190361?
3
What is the tens digit of 965?
6
What is the units digit of 971?
1
What is the units digit of 208?
8
What is the tens digit of 79182?
8
What is the ten thousands digit of 20545?
2
What is the hundreds digit of 6609?
6
What is the tens digit of 33898?
9
What is the hundreds digit of 805?
8
What is the thousands digit of 2189?
2
What is the tens digit of 1301?
0
What is the tens digit of 12332?
3
What is the units digit of 550?
0
What is the units digit of 949?
9
What is the units digit of 4079?
9
What is the tens digit of 1112?
1
What is the units digit of 20754?
4
What is the tens digit of 1682?
8
What is the tens digit of 759?
5
What is the tens digit of 58953?
5
What is the tens digit of 5442?
4
What is the units digit of 39739?
9
What is the hundreds digit of 5832?
8
What is the hundreds digit of 116?
1
What is the thousands digit of 5503?
5
What is the ten thousands digit of 11926?
1
What is the tens digit of 14873?
7
What is the units digit of 4243?
3
What is the units digit of 2204?
4
What is the thousands digit of 1450?
1
What is the hundred thousands digit of 100108?
1
What is the units digit of 3026?
6
What is the units digit of 204471?
1
What is the hundreds digit of 7769?
7
What is the thousands digit of 25753?
5
What is the thousands digit of 6598?
6
What is the units digit of 1095?
5
What is the thousands digit of 52158?
2
What is the units digit of 104950?
0
What is the units digit of 192370?
0
What is the units digit of 674?
4
What is the units digit of 18?
8
What is the tens digit of 883?
8
What is the hundreds digit of 89574?
5
What is the units digit of 3631?
1
What is the thousands digit of 8591?
8
What is the tens digit of 208?
0
What is the hundreds digit of 3836?
8
What is the hundreds digit of 247?
2
What is the thousands digit of 2050?
2
What is the hundreds digit of 5959?
9
What is the hundreds digit of 4280?
2
What is the units digit of 14058?
8
What is the units digit of 1636?
6
What is the hundreds digit of 1328?
3
What is the units digit of 27938?
8
What is the hundreds digit of 2777?
7
What is the hundreds digit of 415?
4
What is the hundreds digit of 29189?
1
What is the tens digit of 56283?
8
What is the hundreds digit of 16679?
6
What is the thousands digit of 1419?
1
What is the thousands digit of 1864?
1
What is the hundreds digit of 2185?
1
What is the thousands digit of 11759?
1
What is the hundreds digit of 1627?
6
What is the hundreds digit of 10223?
2
What is the hundreds digit of 5370?
3
What is the tens digit of 3445?
4
What is the tens digit of 32?
3
What is the units digit of 12948?
8
What is the t